3)*w/1. Suppose 5*c - 5*n + 10 = 0, 3*c + a = 5*n + 5. What is the units digit of c?
1
Suppose 0*s = -4*s + 16. Suppose s*a - 35 = -a. What is the units digit of a?
7
Suppose 0 = 5*k - k - 64. What is the tens digit of k?
1
Let f(b) = b**3 + 7*b**2 - 8*b + 9. Let l be ((-42)/(-15) - 2)*-10. What is the units digit of f(l)?
9
Let m be 2/(-4) + (-246)/(-12). Let g be m/(-6)*(-24)/20. What is the tens digit of g*((-2)/4 - -3)?
1
Suppose -5*y = -v - 95, 4*y + 0*y = 4*v + 92. What is the tens digit of y?
1
Let c(t) = -t**3 + 5*t**2 - 2*t. Suppose 0 = 5*q - f - 17, -2*q - 7 = -0*q - 5*f. Suppose -1 = q*o - 17. What is the units digit of c(o)?
8
Let w(j) = 4*j**2 - 2*j + 254. What is the hundreds digit of w(0)?
2
What is the units digit of (-1)/(-9)*3*111?
7
Suppose 0 = -7*f + 4*f + 12. Suppose -f*g = 5*o - 1 - 1, g - o = 5. What is the tens digit of (g/(-2))/(15/(-100))?
1
Let h = -1 - 3. Let s = h - -7. What is the units digit of s?
3
Suppose 3*k + 6*k - 441 = 0. What is the units digit of k?
9
Suppose -7*q + 102 = 11. What is the tens digit of q?
1
Let m = 134 + -45. Suppose 2*f + 3*h - 70 = -h, 3*f = -2*h + m. What is the tens digit of f?
2
Suppose -5*u + 3*u + 6 = 0. Suppose -i - u*i + 28 = 0. What is the units digit of i?
7
What is the hundreds digit of ((-45)/5)/(-3)*76?
2
What is the tens digit of ((-1034)/(-55))/((-2)/(-20))?
8
Let n be -1*-1*(-32)/(-4). Let k(o) be the third derivative of -o**5/60 + 5*o**4/12 - 5*o**3/6 - 2*o**2. What is the tens digit of k(n)?
1
Let o(n) be the second derivative of -n**3/3 + 4*n**2 + 3*n. Let h be o(7). Let s(l) = -l**2 - 6*l + 3. What is the units digit of s(h)?
3
Let q = 75 - 36. What is the units digit of q?
9
Suppose 44 - 156 = t. Let o = -64 - t. What is the units digit of o?
8
Let s(z) = z + 1. Let t be s(3). Suppose 2*c - 5*g + 0*g - 85 = 0, -4*g = -t*c + 164. Suppose -2*o - 3*o + c = 0. What is the units digit of o?
8
Let s = 252 - 56. What is the tens digit of s?
9
Let j be 0/1*1*1. Suppose j = -2*a + 6*a + 5*h - 79, -a + 4 = -4*h. What is the units digit of 6/8 - (-116)/a?
8
Suppose -5*c = -z - 26, -7*c = -3*c - z - 20. Let g(s) = -s**2 + 8*s - 7. What is the units digit of g(c)?
5
Suppose 3*c = -0*c + 27. Let a = 14 - c. What is the units digit of a?
5
Suppose -3*v = -6*v - 27. Let c(d) = d**3 + 8*d**2 - 11*d - 7. What is the tens digit of c(v)?
1
Suppose -k + 2 = 2*y - 1, 19 = 4*k + y. Suppose k*i - 115 = -5*g, -3*i - 4*g + 101 = -9*g. What is the tens digit of i?
2
Let i be (2 - 7/3)*3. Let b = i + -5. Let f(m) = m**3 + 6*m**2 + 6. What is the units digit of f(b)?
6
Let u = -21 - -28. Let x be 66/9*6*1. Suppose -u*n - 4*v + x = -3*n, 0 = -2*n - v + 22. What is the tens digit of n?
1
Suppose -3*z + 3 = 2*m, -4*m - 5*z + 1 = -4*z. What is the units digit of 7 - m/(1 + 1)?
7
Suppose d = -5*a + 159, 4*a - 2*d = 2*d + 108. What is the units digit of a?
1
Suppose -y = 5*k + 4 + 11, 0 = 5*k + 20. Suppose y*o - 17 = -2. Let x(g) = -g**3 + 3*g**2 + 2*g - 2. What is the units digit of x(o)?
4
Let h(d) = d**2 - 8*d + 1. Suppose 4*j + 3*b = 17, 4*j = j + 4*b - 6. Suppose -6 = -p + a - 4*a, j*a - 43 = -5*p. What is the tens digit of h(p)?
1
Let k = -44 - -105. Suppose -f + 4*f = -2*y + k, 0 = -f + y + 12. What is the tens digit of f?
1
Let l(r) = -20*r**3 + 2*r + 2. Let w be l(-1). Suppose -60 + w = -4*t. What is the units digit of t?
0
What is the tens digit of 96/4 - (0 + 0)?
2
Let k = 59 + 71. What is the hundreds digit of k?
1
Let w be 1*(3 - 3 - 49). Let l = w + 70. What is the units digit of l?
1
What is the hundreds digit of (4*(-6)/36)/((-1)/222)?
1
Let t = -7 + 49. Suppose 2 = -2*g + t. Suppose 4*r - 4*w = 48, -2*w + g = r - w. What is the tens digit of r?
1
Let l(d) = -17*d - 27. What is the tens digit of l(-5)?
5
Let q = -6 - -8. Suppose -59 = -5*x + 2*g, -q*x + 0*x - 4*g = -38. What is the units digit of x?
3
Let t = 4 - -3. Let a be (-24)/(-14) + 2/t. Suppose -6*r = -a*r - 12. What is the units digit of r?
3
Let l = 12 + 7. Suppose -6 = -2*w - 4*y, 5*w - l = -4*y + 2. What is the tens digit of 25/w*2*1?
1
Suppose 3*q - 8 = q. Suppose -h = q - 6. What is the units digit of h?
2
Let s(y) be the first derivative of -y**4/4 - 11*y**3/3 - 2*y**2 - 14*y - 3. Let t be s(-11). Suppose -3*q = -0 - t. What is the units digit of q?
0
Suppose -v + 0*v = -2*b - 7, 2*v - 10 = 5*b. Let t be (1 - 6/v)*10. Suppose -3*x - g + t = 0, -4*x = -x - 2*g - 6. What is the units digit of x?
2
Suppose 0 = 3*g + 3*u - 60, -2*g + 23 = -u - 8. Let x = g + -7. What is the tens digit of x?
1
Let q(h) = h**2 - 9*h + 4. Let s be q(9). Let t = 11 - s. What is the units digit of t?
7
Suppose 2*l + 2*l - 108 = 0. Suppose -2*z - l + 85 = 0. Suppose j - 4*g - z = 0, -6*j + 4*j = 5*g + 7. What is the units digit of j?
9
Let i = 2 - 0. Let w be 2 - i - (-3 - -1). Let f = w - -1. What is the units digit of f?
3
What is the tens digit of 376/24*1*3?
4
Let v(q) = -3*q + 23. Let m(s) = -3*s + 22. Let f(z) = -5*m(z) + 4*v(z). What is the tens digit of f(13)?
2
What is the units digit of -9 - -9 - (0 + -33)?
3
Suppose 0 = 2*c - 3*n - 4, 6*c - n = c + 10. Suppose 3 = c*y + 1. Let u = 2 - y. What is the units digit of u?
1
Let i(h) = h**3 - 5*h**2 - h - 5. What is the units digit of i(6)?
5
Suppose 3*p + 6 + 4 = 4*q, 0 = -5*q + 20. Let v be (p + -1)*3/1. What is the units digit of 30/9 + (-1)/v?
3
Let i(n) = 3*n**3 - 2*n**2 + 2*n - 2. What is the units digit of i(2)?
8
Suppose -4*t + 0*t + 2*h = -36, 5*t = -h + 31. Suppose j - 8 = t. Suppose -x - 2*x = -j. What is the units digit of x?
5
Suppose -2*r = -5*h - 287 + 868, 3*r - 566 = -5*h. What is the hundreds digit of h?
1
Suppose 0 = -3*a - 4*u + 29 + 5, -4*a = -5*u - 4. Suppose 3*b = a*b - 69. What is the tens digit of b?
2
Let h(d) = d**3 - 2*d**2 - 2*d + 1. Let f be h(2). Let s be (2 - 2/(-2))*f. Let j(m) = -2*m - 9. What is the units digit of j(s)?
9
Let j(m) = 3*m + 45. Let z be j(-14). Suppose 4*l = l - 12, 5*t - 4*l - 41 = 0. Suppose -c - 2*r - z = 0, -2*r + 2 = -t*c + 23. What is the units digit of c?
3
Let t = -2 - -5. Let p be t/6 - (-2)/(-4). Suppose -3*q = -p*q - 27. What is the units digit of q?
9
Let y(l) = -l**3 - 14*l**2 + 12*l + 15. What is the tens digit of y(-15)?
6
Suppose -j = j + 16. Let z = j - -8. Suppose 2*r = -z + 32. What is the tens digit of r?
1
Suppose -3*l = k - 17, 6*k = 2*k + 5*l - 17. What is the units digit of k?
2
Let n = -17 - -21. What is the units digit of 99/6*n/2?
3
Suppose 2*y - 705 = -3*y. What is the hundreds digit of y?
1
Let l(c) = c**3 - 3*c**2 - 2*c - 4. Let d = -2 - -6. Let u be l(d). Suppose 35 = u*z + z. What is the units digit of z?
7
Let l(p) be the second derivative of -p**6/360 - p**5/15 - p**4/12 + 2*p. Let y(m) be the third derivative of l(m). What is the units digit of y(-6)?
4
Let d(o) = -4*o**2 - 19*o - 24. Let h(x) = x**2 + 5*x + 6. Let s(l) = -2*d(l) - 9*h(l). What is the units digit of s(-4)?
6
Suppose 127 = 4*m + 3*t, 5*m + 4*t = -0*t + 160. What is the tens digit of m?
2
Let t(u) be the second derivative of u**5/20 - u**4/12 + u**3/6 - 2*u**2 + 5*u. What is the units digit of t(3)?
7
What is the units digit of 51 + 7 + 9/(-3)?
5
Let l = -11 - -15. Suppose -12 = o - 5*z, l*z + 6 = -o + 21. What is the tens digit of -2 + o - (-1 + -8)?
1
Suppose 77 = 3*u - 5*q, 4*q - 259 = -5*u - 69. What is the units digit of u?
4
Suppose 2*f - 3*n = 11 - 1, -f = -4*n - 10. Suppose 0*k - f*k = -2. Suppose -4*w + 11 = -k. What is the units digit of w?
3
Let v(f) = f**3 - 7*f**2 + 4*f - 10. What is the units digit of v(7)?
8
Suppose 5*z + 37 = 3*t, -5*t - 8 = -2*t + 4*z. What is the units digit of -6 + (t - 1) - -7?
4
Let s(g) = g**2 - 2*g. Suppose 6*l - 2*l = 16. What is the units digit of s(l)?
8
Let c(y) = -y**3 - y**2 + y + 1. Let t be c(2). Let p be (-2)/t - (-34)/9. Suppose -s - 3*s - 16 = -2*r, 3*s = p*r - 37. What is the tens digit of r?
1
Suppose 2*o + l - 151 = 0, l - 37 = 2*o - 198. What is the units digit of o?
8
Let l(w) = 1 - 5 + 2*w**2 + 3*w + 5. What is the tens digit of l(3)?
2
Let f be 1/(-2) + (-3)/6. Let d(i) = -25*i - 2. What is the tens digit of d(f)?
2
Let c = 1 + 1. Let x be c/((-2)/4*-1). Let q(b) = b**2 - 4*b + 4. What is the units digit of q(x)?
4
Let j(i) = -3*i - 7. Let t(g) = 6*g + 15. Let o(q) = 13*j(q) + 6*t(q)